{"id":947,"date":"2023-02-27T12:16:09","date_gmt":"2023-02-27T11:16:09","guid":{"rendered":"https:\/\/www.domainedechevalier.com\/?page_id=947"},"modified":"2023-09-12T12:41:54","modified_gmt":"2023-09-12T10:41:54","slug":"other-family-properties","status":"publish","type":"page","link":"https:\/\/www.domainedechevalier.com\/en\/other-family-properties","title":{"rendered":"Other family properties"},"content":{"rendered":"\n<div id=\"introduction-proprietes\" class=\"wp-block-group is-content-justification-center is-layout-constrained wp-block-group-is-layout-constrained\">\n<h1 class=\"wp-block-heading has-text-align-center\">&#8220;We only do well what <br>we know well&#8221;<\/h1>\n\n\n\n<figure class=\"wp-block-image aligncenter size-full\"><img loading=\"lazy\" decoding=\"async\" width=\"811\" height=\"951\" src=\"https:\/\/www.domainedechevalier.com\/wp-content\/uploads\/2023\/03\/portrait.jpg\" alt=\"\" class=\"wp-image-638\" srcset=\"https:\/\/www.domainedechevalier.com\/wp-content\/uploads\/2023\/03\/portrait.jpg 811w, https:\/\/www.domainedechevalier.com\/wp-content\/uploads\/2023\/03\/portrait-768x901.jpg 768w, https:\/\/www.domainedechevalier.com\/wp-content\/uploads\/2023\/03\/portrait-500x586.jpg 500w\" sizes=\"auto, (max-width: 811px) 100vw, 811px\" \/><\/figure>\n\n\n\n<blockquote class=\"wp-block-quote is-layout-flow wp-block-quote-is-layout-flow\">\n<p>The privileged relationship I have established over more than forty years with this region of Pessac-L\u00e9ognan, Graves and Sauternes has strengthened my resolve to work only here. Through this proximity, properties that we have taken over have been able to benefit from the know-how acquired at Chevalier, while respecting each terroir and each story<\/p>\n<\/blockquote>\n\n\n\n<p class=\"has-text-align-center\">The influence of the Domaine de Chevalier production philosophy on this terroir has been applied in several stages.<\/p>\n<\/div>\n\n\n\n<div class=\"wp-block-columns is-layout-flex wp-container-core-columns-is-layout-9d6595d7 wp-block-columns-is-layout-flex\" id=\"domaine-de-la-solitude\">\n<div class=\"wp-block-column is-layout-flow wp-block-column-is-layout-flow\" style=\"flex-basis:25%\">\n<figure class=\"wp-block-image size-full\"><img loading=\"lazy\" decoding=\"async\" width=\"358\" height=\"1277\" src=\"https:\/\/www.domainedechevalier.com\/wp-content\/uploads\/2023\/07\/domaine-de-la-solitude.png\" alt=\"\" class=\"wp-image-1895\"\/><\/figure>\n<\/div>\n\n\n\n<div class=\"wp-block-column is-layout-flow wp-block-column-is-layout-flow\" style=\"flex-basis:50%\">\n<h2 class=\"wp-block-heading has-text-align-center\"><strong>1993<\/strong><\/h2>\n\n\n\n<figure class=\"wp-block-image size-full m-logo\"><img decoding=\"async\" src=\"https:\/\/www.domainedechevalier.com\/wp-content\/uploads\/2023\/08\/domaine_solutude.svg\" alt=\"Domaine de la solitude\" class=\"wp-image-1969\"\/><\/figure>\n\n\n\n<p>The first took place ten years after buying Domaine de Chevalier. In 1993, a few months after being approached by the religious community of the Sisters of the Holy Family, Domaine de Chevalier agreed to take a lease on Domaine de la Solitude (Pessac-L\u00e9ognan).<\/p>\n\n\n\n<p><a rel=\"noopener\" href=\"http:\/\/www.domainedelasolitude.com\/\" data-type=\"URL\" data-id=\"http:\/\/www.domainedelasolitude.com\/\" target=\"_blank\">discover<\/a><\/p>\n<\/div>\n\n\n\n<div class=\"wp-block-column is-layout-flow wp-block-column-is-layout-flow\" style=\"flex-basis:25%\"><\/div>\n<\/div>\n\n\n\n<div class=\"wp-block-columns is-layout-flex wp-container-core-columns-is-layout-9d6595d7 wp-block-columns-is-layout-flex\" id=\"chateau-lespault-martillac\">\n<div class=\"wp-block-column is-layout-flow wp-block-column-is-layout-flow\" style=\"flex-basis:25%\"><\/div>\n\n\n\n<div class=\"wp-block-column is-layout-flow wp-block-column-is-layout-flow\" style=\"flex-basis:50%\">\n<h2 class=\"wp-block-heading has-text-align-center\"><strong>2009<\/strong><\/h2>\n\n\n\n<figure class=\"wp-block-image size-full m-logo\"><img decoding=\"async\" src=\"https:\/\/www.domainedechevalier.com\/wp-content\/uploads\/2023\/08\/lespault.svg\" alt=\"Ch\u00e2teau Lespault-martillac\" class=\"wp-image-1947\"\/><\/figure>\n\n\n\n<p>In 2009, very nearby in the same appellation, the destiny of Ch\u00e2teau Lespault-Martillac was entrusted to Chevalier by the Bolleau family, anxious to develop the potential of the vineyard and to raise the estate to the first-rate reputation it aspires to.<br>Located on a gravel dome, the vineyard of around ten hectares is mostly planted with old Merlot vines.<\/p>\n\n\n\n<p><a rel=\"noopener\" href=\"http:\/\/www.lespault-martillac.com\/\" data-type=\"URL\" data-id=\"http:\/\/www.lespault-martillac.com\/\" target=\"_blank\">discover<\/a><\/p>\n<\/div>\n\n\n\n<div class=\"wp-block-column is-layout-flow wp-block-column-is-layout-flow\" style=\"flex-basis:25%\">\n<figure class=\"wp-block-image size-large\"><img loading=\"lazy\" decoding=\"async\" width=\"482\" height=\"768\" src=\"https:\/\/www.domainedechevalier.com\/wp-content\/uploads\/2023\/03\/chateau-lespault-martillac-482x768.jpg\" alt=\"\" class=\"wp-image-688\"\/><\/figure>\n<\/div>\n<\/div>\n\n\n\n<p class=\"has-text-align-center\">Between the two, in 2006, giving free rein to his passion for great white wines, Olivier and his family made their first foray into the region of choice for dessert wines by acquiring a stake in <a href=\"http:\/\/www.chateauguiraud.fr\/\">Ch\u00e2teau Guiraud<\/a>, Premier Grand Cru Class\u00e9 de Sauternes in 1855.<\/p>\n\n\n\n<div class=\"wp-block-columns is-layout-flex wp-container-core-columns-is-layout-9d6595d7 wp-block-columns-is-layout-flex\" id=\"clos-des-lunes\">\n<div class=\"wp-block-column is-layout-flow wp-block-column-is-layout-flow\" style=\"flex-basis:25%\">\n<figure class=\"wp-block-image size-full\"><img loading=\"lazy\" decoding=\"async\" width=\"608\" height=\"650\" src=\"https:\/\/www.domainedechevalier.com\/wp-content\/uploads\/2023\/07\/clos-des-lunes-2.jpg\" alt=\"\" class=\"wp-image-1899\" srcset=\"https:\/\/www.domainedechevalier.com\/wp-content\/uploads\/2023\/07\/clos-des-lunes-2.jpg 608w, https:\/\/www.domainedechevalier.com\/wp-content\/uploads\/2023\/07\/clos-des-lunes-2-500x535.jpg 500w\" sizes=\"auto, (max-width: 608px) 100vw, 608px\" \/><\/figure>\n<\/div>\n\n\n\n<div class=\"wp-block-column is-layout-flow wp-block-column-is-layout-flow\" style=\"flex-basis:50%\">\n<h2 class=\"wp-block-heading has-text-align-center\"><strong>2011<\/strong><\/h2>\n\n\n\n<figure class=\"wp-block-image size-full m-logo\"><img decoding=\"async\" src=\"https:\/\/www.domainedechevalier.com\/wp-content\/uploads\/2023\/08\/clos_lunes.svg\" alt=\"Clos\ndes lunes\" class=\"wp-image-1953\"\/><\/figure>\n\n\n\n<p>In 2011, on the strength of this first approach, Olivier Bernard innovated by deciding to produce, in the heart of the terroir shared by the greatest classified growths of the Sauternes region, a great dry white wine, called Clos des Lunes, whose reputation has quickly spread throughout the world.<\/p>\n\n\n\n<p><a rel=\"noopener\" href=\"http:\/\/www.closdeslunes.com\/\" data-type=\"URL\" data-id=\"http:\/\/www.closdeslunes.com\/\" target=\"_blank\">discover<\/a><\/p>\n<\/div>\n\n\n\n<div class=\"wp-block-column is-layout-flow wp-block-column-is-layout-flow\" style=\"flex-basis:25%\">\n<figure class=\"wp-block-image size-full\"><img loading=\"lazy\" decoding=\"async\" width=\"489\" height=\"641\" src=\"https:\/\/www.domainedechevalier.com\/wp-content\/uploads\/2023\/08\/clos-des-lunes-1.jpg\" alt=\"\" class=\"wp-image-1943\"\/><\/figure>\n<\/div>\n<\/div>\n\n\n\n<p class=\"has-text-align-center\">Still in the Sauternes region but in neighbouring Barsac, a stone\u2019s throw from the confluence of the Ciron and Garonne rivers, is Ch\u00e2teau Suau, 2nd Grand Cru Class\u00e9 in 1855. Long in the hands of the Lur Saluces family, it now belongs to the Biarnes, who decided to hand over management to Chevalier in 2015. After its reputation faded somewhat in the 20th century, the Ch\u00e2teau is now gradually rejoining the elite of the great dessert wines of Sauternes.<\/p>\n\n\n\n<div class=\"wp-block-columns is-layout-flex wp-container-core-columns-is-layout-9d6595d7 wp-block-columns-is-layout-flex\" id=\"chateau-soubian\">\n<div class=\"wp-block-column is-layout-flow wp-block-column-is-layout-flow\" style=\"flex-basis:25%\"><\/div>\n\n\n\n<div class=\"wp-block-column is-layout-flow wp-block-column-is-layout-flow\" style=\"flex-basis:50%\">\n<h2 class=\"wp-block-heading has-text-align-center\"><strong>2019<\/strong><\/h2>\n\n\n\n<figure class=\"wp-block-image size-full m-logo\"><img decoding=\"async\" src=\"https:\/\/www.domainedechevalier.com\/wp-content\/uploads\/2023\/08\/chateau_Soubian.svg\" alt=\"\" class=\"wp-image-1961\"\/><\/figure>\n\n\n\n<p>And in 2019, the C\u00e9l\u00e9rier family, long-time neighbours and friends, and owners of Ch\u00e2teau Soubian in L\u00e9ognan, asked Olivier Bernard and his family to replant the vineyard and relaunch production on its fine clay-gravel terroir, which had lain abandoned since the great frost of 1956. An exciting challenge that marks the return of a family label&#8230;<\/p>\n\n\n\n<p><a href=\"https:\/\/www.domainedechevalier.com\/wp-content\/uploads\/2023\/09\/2020-CHATEAU-SOUBIAN-Rouge-Anglais.pdf\" data-type=\"URL\" target=\"_blank\" rel=\"noopener\">discover<\/a><\/p>\n<\/div>\n\n\n\n<div class=\"wp-block-column is-layout-flow wp-block-column-is-layout-flow\" style=\"flex-basis:25%\">\n<figure class=\"wp-block-image size-full\"><img loading=\"lazy\" decoding=\"async\" width=\"527\" height=\"1208\" src=\"https:\/\/www.domainedechevalier.com\/wp-content\/uploads\/2023\/09\/chateau-suau.jpg\" alt=\"\" class=\"wp-image-2030\" srcset=\"https:\/\/www.domainedechevalier.com\/wp-content\/uploads\/2023\/09\/chateau-suau.jpg 527w, https:\/\/www.domainedechevalier.com\/wp-content\/uploads\/2023\/09\/chateau-suau-500x1146.jpg 500w\" sizes=\"auto, (max-width: 527px) 100vw, 527px\" \/><\/figure>\n<\/div>\n<\/div>\n\n\n\n<div class=\"wp-block-columns is-layout-flex wp-container-core-columns-is-layout-9d6595d7 wp-block-columns-is-layout-flex\" id=\"chateau-poumey\">\n<div class=\"wp-block-column is-layout-flow wp-block-column-is-layout-flow\" style=\"flex-basis:25%\">\n<figure class=\"wp-block-image size-full\"><img loading=\"lazy\" decoding=\"async\" width=\"527\" height=\"1202\" src=\"https:\/\/www.domainedechevalier.com\/wp-content\/uploads\/2023\/09\/chateau-poumey-1.jpg\" alt=\"\" class=\"wp-image-2028\" srcset=\"https:\/\/www.domainedechevalier.com\/wp-content\/uploads\/2023\/09\/chateau-poumey-1.jpg 527w, https:\/\/www.domainedechevalier.com\/wp-content\/uploads\/2023\/09\/chateau-poumey-1-500x1140.jpg 500w\" sizes=\"auto, (max-width: 527px) 100vw, 527px\" \/><\/figure>\n<\/div>\n\n\n\n<div class=\"wp-block-column is-layout-flow wp-block-column-is-layout-flow\" style=\"flex-basis:50%\">\n<h2 class=\"wp-block-heading has-text-align-center\"><strong>2020<\/strong><\/h2>\n\n\n\n<figure class=\"wp-block-image size-full m-logo\"><img decoding=\"async\" src=\"https:\/\/www.domainedechevalier.com\/wp-content\/uploads\/2023\/08\/chateau_poumey.svg\" alt=\"\" class=\"wp-image-1950\"\/><\/figure>\n\n\n\n<p>Finally, a few kilometres away, the town of Gradignan, owner of Ch\u00e2teau Poumey, asked Domaine de Chevalier to make its wine for 25 years as from 2020. The last vineyard in this commune bordering Bordeaux, Ch\u00e2teau Poumey was saved from urban sprawl thanks to its acquisition by the town in 1988. It is now undergoing organic conversion, like the other estates cultivated by Olivier Bernard. Links are gradually being re-established between the people of Gradignan and their wine heritage, through cultural and festive events.<\/p>\n\n\n\n<p><a href=\"https:\/\/www.domainedechevalier.com\/wp-content\/uploads\/2023\/09\/2022-CHATEAU-POUMEY-Rouge-PRIMEUR-Anglais.pdf\" data-type=\"URL\" target=\"_blank\" rel=\"noopener\">discover<\/a><\/p>\n<\/div>\n\n\n\n<div class=\"wp-block-column is-layout-flow wp-block-column-is-layout-flow\" style=\"flex-basis:25%\"><\/div>\n<\/div>\n","protected":false},"excerpt":{"rendered":"<p>&#8220;We only do well what we know well&#8221; The privileged relationship I have established over more than forty years with this region of Pessac-L\u00e9ognan, Graves and Sauternes has strengthened my resolve to work only here. Through this proximity, properties that we have taken over have been able to benefit from the know-how acquired at Chevalier,<a href=\"https:\/\/www.domainedechevalier.com\/en\/other-family-properties\">Continue reading <span class=\"sr-only\">&#8220;Other family properties&#8221;<\/span><\/a><\/p>\n","protected":false},"author":4,"featured_media":0,"parent":0,"menu_order":0,"comment_status":"closed","ping_status":"closed","template":"","meta":{"_seopress_robots_primary_cat":"","_seopress_titles_title":"","_seopress_titles_desc":"","_seopress_robots_index":"","inline_featured_image":false,"footnotes":""},"class_list":["post-947","page","type-page","status-publish","hentry"],"_links":{"self":[{"href":"https:\/\/www.domainedechevalier.com\/en\/wp-json\/wp\/v2\/pages\/947","targetHints":{"allow":["GET"]}}],"collection":[{"href":"https:\/\/www.domainedechevalier.com\/en\/wp-json\/wp\/v2\/pages"}],"about":[{"href":"https:\/\/www.domainedechevalier.com\/en\/wp-json\/wp\/v2\/types\/page"}],"author":[{"embeddable":true,"href":"https:\/\/www.domainedechevalier.com\/en\/wp-json\/wp\/v2\/users\/4"}],"replies":[{"embeddable":true,"href":"https:\/\/www.domainedechevalier.com\/en\/wp-json\/wp\/v2\/comments?post=947"}],"version-history":[{"count":0,"href":"https:\/\/www.domainedechevalier.com\/en\/wp-json\/wp\/v2\/pages\/947\/revisions"}],"wp:attachment":[{"href":"https:\/\/www.domainedechevalier.com\/en\/wp-json\/wp\/v2\/media?parent=947"}],"curies":[{"name":"wp","href":"https:\/\/api.w.org\/{rel}","templated":true}]}}

<div id="introduction-proprietes" class="wp-block-group is-content-justification-center is-layout-constrained wp-block-group-is-layout-constrained">
<h1 class="wp-block-heading has-text-align-center">&#8220;We only do well what <br>we know well&#8221;</h1>



<figure class="wp-block-image aligncenter size-full"><img loading="lazy" decoding="async" width="811" height="951" src="https://www.domainedechevalier.com/wp-content/uploads/2023/03/portrait.jpg" alt="" class="wp-image-638" srcset="https://www.domainedechevalier.com/wp-content/uploads/2023/03/portrait.jpg 811w, https://www.domainedechevalier.com/wp-content/uploads/2023/03/portrait-768x901.jpg 768w, https://www.domainedechevalier.com/wp-content/uploads/2023/03/portrait-500x586.jpg 500w" sizes="auto, (max-width: 811px) 100vw, 811px" /></figure>



<blockquote class="wp-block-quote is-layout-flow wp-block-quote-is-layout-flow">
<p>The privileged relationship I have established over more than forty years with this region of Pessac-Léognan, Graves and Sauternes has strengthened my resolve to work only here. Through this proximity, properties that we have taken over have been able to benefit from the know-how acquired at Chevalier, while respecting each terroir and each story</p>
</blockquote>



<p class="has-text-align-center">The influence of the Domaine de Chevalier production philosophy on this terroir has been applied in several stages.</p>
</div>



<div class="wp-block-columns is-layout-flex wp-container-core-columns-is-layout-9d6595d7 wp-block-columns-is-layout-flex" id="domaine-de-la-solitude">
<div class="wp-block-column is-layout-flow wp-block-column-is-layout-flow" style="flex-basis:25%">
<figure class="wp-block-image size-full"><img loading="lazy" decoding="async" width="358" height="1277" src="https://www.domainedechevalier.com/wp-content/uploads/2023/07/domaine-de-la-solitude.png" alt="" class="wp-image-1895"/></figure>
</div>



<div class="wp-block-column is-layout-flow wp-block-column-is-layout-flow" style="flex-basis:50%">
<h2 class="wp-block-heading has-text-align-center"><strong>1993</strong></h2>



<figure class="wp-block-image size-full m-logo"><img decoding="async" src="https://www.domainedechevalier.com/wp-content/uploads/2023/08/domaine_solutude.svg" alt="Domaine de la solitude" class="wp-image-1969"/></figure>



<p>The first took place ten years after buying Domaine de Chevalier. In 1993, a few months after being approached by the religious community of the Sisters of the Holy Family, Domaine de Chevalier agreed to take a lease on Domaine de la Solitude (Pessac-Léognan).</p>



<p><a rel="noopener" href="http://www.domainedelasolitude.com/" data-type="URL" data-id="http://www.domainedelasolitude.com/" target="_blank">discover</a></p>
</div>



<div class="wp-block-column is-layout-flow wp-block-column-is-layout-flow" style="flex-basis:25%"></div>
</div>



<div class="wp-block-columns is-layout-flex wp-container-core-columns-is-layout-9d6595d7 wp-block-columns-is-layout-flex" id="chateau-lespault-martillac">
<div class="wp-block-column is-layout-flow wp-block-column-is-layout-flow" style="flex-basis:25%"></div>



<div class="wp-block-column is-layout-flow wp-block-column-is-layout-flow" style="flex-basis:50%">
<h2 class="wp-block-heading has-text-align-center"><strong>2009</strong></h2>



<figure class="wp-block-image size-full m-logo"><img decoding="async" src="https://www.domainedechevalier.com/wp-content/uploads/2023/08/lespault.svg" alt="Château Lespault-martillac" class="wp-image-1947"/></figure>



<p>In 2009, very nearby in the same appellation, the destiny of Château Lespault-Martillac was entrusted to Chevalier by the Bolleau family, anxious to develop the potential of the vineyard and to raise the estate to the first-rate reputation it aspires to.<br>Located on a gravel dome, the vineyard of around ten hectares is mostly planted with old Merlot vines.</p>



<p><a rel="noopener" href="http://www.lespault-martillac.com/" data-type="URL" data-id="http://www.lespault-martillac.com/" target="_blank">discover</a></p>
</div>



<div class="wp-block-column is-layout-flow wp-block-column-is-layout-flow" style="flex-basis:25%">
<figure class="wp-block-image size-large"><img loading="lazy" decoding="async" width="482" height="768" src="https://www.domainedechevalier.com/wp-content/uploads/2023/03/chateau-lespault-martillac-482x768.jpg" alt="" class="wp-image-688"/></figure>
</div>
</div>



<p class="has-text-align-center">Between the two, in 2006, giving free rein to his passion for great white wines, Olivier and his family made their first foray into the region of choice for dessert wines by acquiring a stake in <a href="http://www.chateauguiraud.fr/">Château Guiraud</a>, Premier Grand Cru Classé de Sauternes in 1855.</p>



<div class="wp-block-columns is-layout-flex wp-container-core-columns-is-layout-9d6595d7 wp-block-columns-is-layout-flex" id="clos-des-lunes">
<div class="wp-block-column is-layout-flow wp-block-column-is-layout-flow" style="flex-basis:25%">
<figure class="wp-block-image size-full"><img loading="lazy" decoding="async" width="608" height="650" src="https://www.domainedechevalier.com/wp-content/uploads/2023/07/clos-des-lunes-2.jpg" alt="" class="wp-image-1899" srcset="https://www.domainedechevalier.com/wp-content/uploads/2023/07/clos-des-lunes-2.jpg 608w, https://www.domainedechevalier.com/wp-content/uploads/2023/07/clos-des-lunes-2-500x535.jpg 500w" sizes="auto, (max-width: 608px) 100vw, 608px" /></figure>
</div>



<div class="wp-block-column is-layout-flow wp-block-column-is-layout-flow" style="flex-basis:50%">
<h2 class="wp-block-heading has-text-align-center"><strong>2011</strong></h2>



<figure class="wp-block-image size-full m-logo"><img decoding="async" src="https://www.domainedechevalier.com/wp-content/uploads/2023/08/clos_lunes.svg" alt="Clos
des lunes" class="wp-image-1953"/></figure>



<p>In 2011, on the strength of this first approach, Olivier Bernard innovated by deciding to produce, in the heart of the terroir shared by the greatest classified growths of the Sauternes region, a great dry white wine, called Clos des Lunes, whose reputation has quickly spread throughout the world.</p>



<p><a rel="noopener" href="http://www.closdeslunes.com/" data-type="URL" data-id="http://www.closdeslunes.com/" target="_blank">discover</a></p>
</div>



<div class="wp-block-column is-layout-flow wp-block-column-is-layout-flow" style="flex-basis:25%">
<figure class="wp-block-image size-full"><img loading="lazy" decoding="async" width="489" height="641" src="https://www.domainedechevalier.com/wp-content/uploads/2023/08/clos-des-lunes-1.jpg" alt="" class="wp-image-1943"/></figure>
</div>
</div>



<p class="has-text-align-center">Still in the Sauternes region but in neighbouring Barsac, a stone’s throw from the confluence of the Ciron and Garonne rivers, is Château Suau, 2nd Grand Cru Classé in 1855. Long in the hands of the Lur Saluces family, it now belongs to the Biarnes, who decided to hand over management to Chevalier in 2015. After its reputation faded somewhat in the 20th century, the Château is now gradually rejoining the elite of the great dessert wines of Sauternes.</p>



<div class="wp-block-columns is-layout-flex wp-container-core-columns-is-layout-9d6595d7 wp-block-columns-is-layout-flex" id="chateau-soubian">
<div class="wp-block-column is-layout-flow wp-block-column-is-layout-flow" style="flex-basis:25%"></div>



<div class="wp-block-column is-layout-flow wp-block-column-is-layout-flow" style="flex-basis:50%">
<h2 class="wp-block-heading has-text-align-center"><strong>2019</strong></h2>



<figure class="wp-block-image size-full m-logo"><img decoding="async" src="https://www.domainedechevalier.com/wp-content/uploads/2023/08/chateau_Soubian.svg" alt="" class="wp-image-1961"/></figure>



<p>And in 2019, the Célérier family, long-time neighbours and friends, and owners of Château Soubian in Léognan, asked Olivier Bernard and his family to replant the vineyard and relaunch production on its fine clay-gravel terroir, which had lain abandoned since the great frost of 1956. An exciting challenge that marks the return of a family label&#8230;</p>



<p><a href="https://www.domainedechevalier.com/wp-content/uploads/2023/09/2020-CHATEAU-SOUBIAN-Rouge-Anglais.pdf" data-type="URL" target="_blank" rel="noopener">discover</a></p>
</div>



<div class="wp-block-column is-layout-flow wp-block-column-is-layout-flow" style="flex-basis:25%">
<figure class="wp-block-image size-full"><img loading="lazy" decoding="async" width="527" height="1208" src="https://www.domainedechevalier.com/wp-content/uploads/2023/09/chateau-suau.jpg" alt="" class="wp-image-2030" srcset="https://www.domainedechevalier.com/wp-content/uploads/2023/09/chateau-suau.jpg 527w, https://www.domainedechevalier.com/wp-content/uploads/2023/09/chateau-suau-500x1146.jpg 500w" sizes="auto, (max-width: 527px) 100vw, 527px" /></figure>
</div>
</div>



<div class="wp-block-columns is-layout-flex wp-container-core-columns-is-layout-9d6595d7 wp-block-columns-is-layout-flex" id="chateau-poumey">
<div class="wp-block-column is-layout-flow wp-block-column-is-layout-flow" style="flex-basis:25%">
<figure class="wp-block-image size-full"><img loading="lazy" decoding="async" width="527" height="1202" src="https://www.domainedechevalier.com/wp-content/uploads/2023/09/chateau-poumey-1.jpg" alt="" class="wp-image-2028" srcset="https://www.domainedechevalier.com/wp-content/uploads/2023/09/chateau-poumey-1.jpg 527w, https://www.domainedechevalier.com/wp-content/uploads/2023/09/chateau-poumey-1-500x1140.jpg 500w" sizes="auto, (max-width: 527px) 100vw, 527px" /></figure>
</div>



<div class="wp-block-column is-layout-flow wp-block-column-is-layout-flow" style="flex-basis:50%">
<h2 class="wp-block-heading has-text-align-center"><strong>2020</strong></h2>



<figure class="wp-block-image size-full m-logo"><img decoding="async" src="https://www.domainedechevalier.com/wp-content/uploads/2023/08/chateau_poumey.svg" alt="" class="wp-image-1950"/></figure>



<p>Finally, a few kilometres away, the town of Gradignan, owner of Château Poumey, asked Domaine de Chevalier to make its wine for 25 years as from 2020. The last vineyard in this commune bordering Bordeaux, Château Poumey was saved from urban sprawl thanks to its acquisition by the town in 1988. It is now undergoing organic conversion, like the other estates cultivated by Olivier Bernard. Links are gradually being re-established between the people of Gradignan and their wine heritage, through cultural and festive events.</p>



<p><a href="https://www.domainedechevalier.com/wp-content/uploads/2023/09/2022-CHATEAU-POUMEY-Rouge-PRIMEUR-Anglais.pdf" data-type="URL" target="_blank" rel="noopener">discover</a></p>
</div>



<div class="wp-block-column is-layout-flow wp-block-column-is-layout-flow" style="flex-basis:25%"></div>
</div>

<p>&#8220;We only do well what we know well&#8221; The privileged relationship I have established over more than forty years with this region of Pessac-Léognan, Graves and Sauternes has strengthened my resolve to work only here. Through this proximity, properties that we have taken over have been able to benefit from the know-how acquired at Chevalier,<a href="https://www.domainedechevalier.com/en/other-family-properties">Continue reading <span class="sr-only">&#8220;Other family properties&#8221;</span></a></p>
